{"id":17,"date":"2013-02-01T03:38:13","date_gmt":"2013-02-01T03:38:13","guid":{"rendered":"http:\/\/clinicasaofranciscoxavier.pt\/?page_id=17"},"modified":"2017-12-16T16:06:59","modified_gmt":"2017-12-16T16:06:59","slug":"apresentacao","status":"publish","type":"page","link":"https:\/\/clinicasaofranciscoxavier.pt\/?page_id=17","title":{"rendered":"Apresenta\u00e7\u00e3o"},"content":{"rendered":"<div class=\"col-sm-offset-4 col-sm-8\">\n<span style=\"display: block; margin-bottom: 20px; font-size: 25px; color: #1891b1;\">Bem-Vindo \u00e0 Cl\u00ednica S\u00e3o Francisco Xavier<\/span>\n<\/div>\n<div class=\"col-sm-4\">\n<img decoding=\"async\"  src=\"https:\/\/clinicasaofranciscoxavier.pt\/wp-content\/uploads\/2013\/02\/foto_apresentacao-e1359691735863.jpg\" style=\"width:100%;\" \/>\n<\/div>\n<div class=\"col-sm-4\">\n<p>Toda a equipa que colabora com a Cl\u00ednica S\u00e3o Francisco Xavier tem como princ\u00edpio fundamental proporcionar aos seus utentes o Bem-Estar. \u00c9 nesta perspetiva que eu vejo a Medicina de hoje e do futuro.<\/p>\n<p>As nossas principais val\u00eancias, como pode encontrar explorando o nosso site, s\u00e3o a est\u00e9tica e o tratamento da dor. Deste modo, temos sempre uma abordagem que visa a melhoria na qualidade de vida dos nossos pacientes. Esta busca incessante para proporcionar ao paciente o bem-estar, faz-nos evidentemente chegar \u00e0 resolu\u00e7\u00e3o do problema que o trouxe at\u00e9 n\u00f3s, integrando-o numa l\u00f3gica mais global e que faz de cada utente um amigo. Existem tr\u00eas princ\u00edpios fundamentais para que isto aconte\u00e7a. Tempo de consulta, bom diagn\u00f3stico e empatia na rela\u00e7\u00e3o m\u00e9dico\/doente.<\/p>\n<p>Estes pressupostos s\u00e3o insepar\u00e1veis mas necessitam de alguns suportes.<\/p>\n<\/div>\n<div class=\"col-sm-4\">\n<p>Forma\u00e7\u00e3o cont\u00ednua de toda a equipa que colabora com a Cl\u00ednica S\u00e3o Francisco Xavier, meios complementares de diagn\u00f3stico ao servi\u00e7o do paciente na linha da frente da modernidade e materiais e t\u00e9cnicas de topo. Estou em condi\u00e7\u00f5es de afian\u00e7ar que os tratamentos prestados na Cl\u00ednica S\u00e3o Francisco Xavier est\u00e3o ao n\u00edvel do melhor que se pratica em todo o mundo. Prova disso s\u00e3o as constantes apresenta\u00e7\u00f5es de trabalhos realizados nas nossas instala\u00e7\u00f5es, em diferentes Congressos e Sess\u00f5es Cient\u00edficas nacionais e internacionais.<\/p>\n<p>O facto de encontrarmos na nossa base de dados utentes dos quatro cantos do mundo enche-nos de alegria e s\u00e3o sinal de reconhecimento do nosso trabalho, contudo, procuramos trabalhar no sentido de mantermos a sua confian\u00e7a.<\/p>\n<p>Esperamos por si&#8230;com um sorriso!<\/p>\n<p>Bruno Macedo de Sousa<\/p>\n<p><span style=\"color: #1891b1;\">DIRETOR CL\u00cdNICO<\/span><\/p>\n<p><a href=\"https:\/\/clinicasaofranciscoxavier.pt\/NOTAS_CURRICULARES.pdf\" target=\"_blank\" rel=\"noopener\">NOTAS CURRICULARES.pdf<\/a>\n<\/div>\n","protected":false},"excerpt":{"rendered":"<p>Bem-Vindo \u00e0 Cl\u00ednica S\u00e3o Francisco Xavier Toda a equipa que colabora com a Cl\u00ednica S\u00e3o Francisco Xavier tem como princ\u00edpio fundamental proporcionar aos seus utentes o Bem-Estar. \u00c9 nesta perspetiva que eu vejo a Medicina de hoje e do futuro. As nossas principais val\u00eancias, como pode encontrar explorando o nosso site, s\u00e3o a est\u00e9tica e [&hellip;]<\/p>\n","protected":false},"author":1,"featured_media":0,"parent":0,"menu_order":1,"comment_status":"open","ping_status":"closed","template":"template-imagem-texto.php","meta":{"footnotes":""},"class_list":["post-17","page","type-page","status-publish","hentry"],"_links":{"self":[{"href":"https:\/\/clinicasaofranciscoxavier.pt\/index.php?rest_route=\/wp\/v2\/pages\/17","targetHints":{"allow":["GET"]}}],"collection":[{"href":"https:\/\/clinicasaofranciscoxavier.pt\/index.php?rest_route=\/wp\/v2\/pages"}],"about":[{"href":"https:\/\/clinicasaofranciscoxavier.pt\/index.php?rest_route=\/wp\/v2\/types\/page"}],"author":[{"embeddable":true,"href":"https:\/\/clinicasaofranciscoxavier.pt\/index.php?rest_route=\/wp\/v2\/users\/1"}],"replies":[{"embeddable":true,"href":"https:\/\/clinicasaofranciscoxavier.pt\/index.php?rest_route=%2Fwp%2Fv2%2Fcomments&post=17"}],"version-history":[{"count":76,"href":"https:\/\/clinicasaofranciscoxavier.pt\/index.php?rest_route=\/wp\/v2\/pages\/17\/revisions"}],"predecessor-version":[{"id":832,"href":"https:\/\/clinicasaofranciscoxavier.pt\/index.php?rest_route=\/wp\/v2\/pages\/17\/revisions\/832"}],"wp:attachment":[{"href":"https:\/\/clinicasaofranciscoxavier.pt\/index.php?rest_route=%2Fwp%2Fv2%2Fmedia&parent=17"}],"curies":[{"name":"wp","href":"https:\/\/api.w.org\/{rel}","templated":true}]}}